(4). What is the highest common divisor of p and w?
32
Let q = -90 + 93. Suppose -5*l = 3*t - 485, -l - 4*l + q*t = -515. What is the greatest common divisor of 250 and l?
50
Let w = 2405 + -1417. What is the highest common factor of 52 and w?
52
Let f = 1825 - 1041. What is the greatest common factor of 16 and f?
16
Let t(h) = 2*h**2 + h - 2. Let l be t(-2). Suppose l*s - 6*s = -2. Suppose -16 = 4*k, -3*k - 33 = -2*z - 7. Calculate the highest common divisor of s and z.
1
Suppose -5*k = -k - 2*c - 214, 5*c = -15. Suppose -5*m + 3*b = -24 - 38, -m = -3*b - 10. What is the greatest common divisor of k and m?
13
Let f be 4/26 + 432/234. Calculate the greatest common factor of f and 366.
2
Let w be 2/(0 + 4/46). Suppose 2*p = 4, -n + 615 = 2*n - 3*p. What is the highest common factor of n and w?
23
Let t be 1 - 0 - (-3 + 4). Suppose t = -4*h - 9 + 65. Calculate the highest common divisor of h and 42.
14
Suppose 45 = 2*l + 3*o, l - 75 = -l + 3*o. What is the highest common factor of 240 and l?
30
Let a(x) = -2*x**2 + 4*x. Let m be a(3). Let s(v) = -5*v. Let j be s(m). Let t be (-97)/(-5) + 30/50. Calculate the highest common divisor of j and t.
10
Let b = 244 + -193. Calculate the highest common factor of 663 and b.
51
Suppose 5*s + 464 = -3*h, 4*s - 382 = 4*h + 194. Let d = h + 60. Let u be (6/4)/((-12)/d). What is the highest common factor of u and 44?
11
Suppose 18 = v - 0*v. Let a(u) = u**2 - 2*u - 2. Let w = 9 + -5. Let p be a(w). Calculate the greatest common divisor of v and p.
6
Let l = 3 - -4. Let m be 14*(2 - 1) - 7. What is the highest common factor of m and l?
7
Let j = 39 + -37. Let y be (1/(-3)*j)/(2/(-138)). Calculate the highest common factor of y and 115.
23
Let i(k) = -2*k**2 - 49*k - 50. Let n be i(-22). What is the highest common factor of n and 165?
15
Let w(g) = -g**2 - 18*g - 4. Let m be w(-14). Suppose 9*k = 5*k + m. Calculate the greatest common divisor of 39 and k.
13
Let t = 779 + -751. What is the greatest common factor of 490 and t?
14
Let a = -646 - -1052. Calculate the greatest common divisor of 145 and a.
29
Let m = -15 + 1. Let d = -20 - m. Let h be (-136)/(-12)*(-9)/d. What is the greatest common divisor of h and 17?
17
Let b be (-864)/((-6)/1) + -8. Let j(r) = 4*r + 6. Let n be j(7). Calculate the greatest common divisor of n and b.
34
Suppose -99*v + 760 = -94*v. What is the greatest common factor of 32 and v?
8
Let s = -410 + 737. What is the greatest common divisor of s and 872?
109
Let x = 22 - 48. Let r = x + 43. Let a be ((-10)/4 - -2) + 375/2. What is the highest common divisor of a and r?
17
Let i(g) = 17*g - 38. Let n be i(6). What is the greatest common factor of n and 224?
32
Suppose -3*g + r + 1 = -g, -4*g = -r - 5. Suppose 2*f = c + 38, 0*c + 40 = 2*f - g*c. Calculate the greatest common factor of f and 2.
2
Suppose s = -6*s + 84. Suppose -19*r = -17*r + 162. Let x = r - -129. Calculate the greatest common factor of x and s.
12
Let c(q) = -2*q + 19. Let o be c(4). Let p = 133 - 23. Calculate the highest common divisor of p and o.
11
Suppose -2*b = -4*w - 412, 0 = 5*b - 7*w + 2*w - 1030. Let m = b + -86. Calculate the highest common factor of m and 12.
12
Let x be (-2311)/(-5) - (-18)/(-90). Calculate the greatest common factor of x and 66.
66
Let s(r) = 2 + 4 - 5 + 3 - r**3 - 9*r**2. Let x be s(-9). Calculate the highest common factor of x and 36.
4
Let n(z) = 4*z**2 - 5*z - 5. Let v be n(-4). Let s = 114 - v. Calculate the highest common divisor of 35 and s.
35
Let p = -48 + 101. Suppose 0 = 2*r + 3*w + p - 196, 0 = r + 3*w - 73. Calculate the greatest common factor of 20 and r.
10
Let o = -1601 + 1715. Calculate the highest common divisor of o and 608.
38
Suppose 6*b = 3*b. Suppose 2*s - 6 + 2 = b. What is the highest common divisor of 5 and s?
1
Suppose 3*w - 15 = 60. What is the highest common factor of w and 75?
25
Suppose -a = -4*i + 3 - 55, 0 = 2*a - 4*i - 92. Let o = -176 - -56. Let n be (1/(-2))/(3/o). What is the highest common divisor of a and n?
20
Let w(n) = -n**2 - 19*n - 22. Let f be w(-16). Suppose -s + 3*i = -2*s + 42, 4*i + 113 = 3*s. Calculate the greatest common divisor of s and f.
13
Let q be 23 + -13 + 1 + 949. Calculate the highest common divisor of q and 128.
64
Let v = -24 + 58. Calculate the greatest common factor of v and 136.
34
Suppose -3 = l + 9. Let b be (l/5)/((-68)/255). Calculate the highest common divisor of b and 63.
9
Suppose -3*s + 31 = 5*p, 6*p + 37 = 3*s + 5*p. Suppose -7*w + 576 = -3*w. What is the highest common factor of w and s?
12
Suppose 0 = 5*q - 5*r - 776 - 144, 5*q = 2*r + 920. Suppose -33*m + 3*o - 69 = -36*m, -5*m + 115 = -4*o. Calculate the highest common factor of q and m.
23
Suppose -9*k + 13*k + 2*v - 18 = 0, 2*v - 2 = 0. Let i be (-60)/(-18) - 4/(-6). Calculate the greatest common divisor of i and k.
4
Suppose -w - 9480 = 2*w. Let f be w/(-44) - 4/(-22). Suppose 0 = -h + 3*h - f. Calculate the greatest common factor of h and 9.
9
Let w(r) = -12*r - 16. Let t be w(-4). Suppose 5*y + 0*y = 40. What is the highest common divisor of y and t?
8
Suppose 359 = 23*o - 9. Let k = 3 - 0. Suppose -z - m = -o, 0*z + 8 = k*z - 5*m. What is the greatest common divisor of z and 44?
11
Let t(y) = -y**3 - 55*y**2 - 2*y - 68. Let r be t(-55). Calculate the highest common factor of r and 280.
14
Let a(j) = -4*j + 9*j**2 - 442 - 3*j**2 + 435. Let s be a(6). Calculate the highest common divisor of s and 37.
37
Let g be (-44)/176*12/(-1). What is the highest common divisor of 14 and g?
1
Let x = -461 - -576. What is the highest common factor of 20 and x?
5
Let r be (-15)/(-2)*(-24)/(-30). Let q = 15 + r. Suppose -1292 + 347 = -9*y. Calculate the highest common factor of q and y.
21
Let a be -1*(1 + 0)*11. Suppose -27*c = -736 + 169. Let k = a + c. Calculate the greatest common factor of k and 40.
10
Suppose 0 = -3*j - 2*j + 5. Suppose -1274*l + 1278*l + 3*d - 43 = 0, -34 = -2*l - 4*d. Calculate the greatest common divisor of j and l.
1
Let c = 17 + -8. Let z(d) = d**2 + 11*d + 13. Let u be z(-10). What is the highest common factor of c and u?
3
Let y be ((-84)/(-15))/((-6)/(-15)). Suppose -5*b + 2*w = -253, -b + w = -5*b + 192. What is the greatest common factor of y and b?
7
Let z = -87 - -94. Let v(m) = 6*m - 18. Let b be v(z). What is the highest common divisor of 36 and b?
12
Suppose -3*v = 7 + 11. Let u be (-10)/(-15) + (-2)/v. Let q be (2 - 1)/(u/35). Calculate the highest common divisor of 35 and q.
35
Let f be 40 + (1*(-1 + 6) - 3). Calculate the highest common divisor of 182 and f.
14
Suppose -n + 70 = n. Suppose -u = 4*u - n. Calculate the greatest common factor of 35 and u.
7
Let m(c) = c**3 - 3*c**2 - 8*c + 7. Let a be m(5). Suppose -n - 3 = -1, 99 = 3*t - 3*n. Let r = 82 - t. What is the greatest common divisor of a and r?
17
Let t be (-200)/(-3)*6*7/(-35). Let w = -66 - t. Calculate the greatest common factor of 2 and w.
2
Let z be (-6)/3*9/(-2). Let m be 0*3/z + 28. Calculate the greatest common divisor of m and 70.
14
Let l = -1672 - -1912. Calculate the greatest common divisor of 270 and l.
30
Suppose 6*m - 11*m + 1365 = 4*q, -2*m + 546 = -4*q. Calculate the highest common divisor of 52 and m.
13
Let f(t) = -t**2 - 24*t - 9. Let g be f(-18). Let p = 0 + 3. Suppose 2*z = -2*d + 10, d + 2*z = -p*z - 11. Calculate the highest common divisor of d and g.
9
Suppose -x = -3*f + 14, -2*f + 0*x = -4*x - 26. Let u be 6/f*-1 + 56. Let g = 78 - u. Calculate the highest common factor of g and 8.
8
Let x(l) = -l**3 - 3*l**2 + 7*l - 4. Let d(a) = -a**3 + 7*a**2 - 2*a + 9. Let k be d(7). Let h be x(k). What is the greatest common factor of h and 44?
11
Suppose 3*b - 17 = -2*c, 4*c = 2*c + 4*b + 24. What is the highest common factor of 1030 and c?
10
Let x(a) = -3*a**3 - 18*a**2 + 2*a + 12. Let r be x(-6). Suppose g + y - 7 = 0, g - 4*y + y - 11 = r. Calculate the greatest common factor of g and 104.
8
Let v = -181 - -145. Let l be (2/6 - 420/v)*11. What is the greatest common factor of 88 and l?
44
Let r be 3/6*-249*(-24)/9. Let m = -196 + r. What is the greatest common divisor of 17 and m?
17
Let n = -7 + 10. Suppose 2*g + 2*g - 20 = -n*o, 3*g - 5*o = 15. What is the highest common divisor of g and 2?
1
Let x(d) = -36*d + 16 - 16. Let k be x(-1). Suppose 6*r =